he remainder when 17680 is divided by 5891.
7
What is the remainder when 221324 is divided by 261?
257
Calculate the remainder when 586 is divided by 342.
244
Calculate the remainder when 251232 is divided by 461.
448
Calculate the remainder when 1011783 is divided by 4.
3
Calculate the remainder when 11250 is divided by 31.
28
What is the remainder when 30251 is divided by 52?
39
What is the remainder when 40900 is divided by 931?
867
Calculate the remainder when 429 is divided by 36.
33
What is the remainder when 24434 is divided by 2820?
1874
What is the remainder when 70231 is divided by 716?
63
What is the remainder when 15051 is divided by 198?
3
Calculate the remainder when 8458 is divided by 51.
43
Calculate the remainder when 1244 is divided by 229.
99
Calculate the remainder when 23204 is divided by 19.
5
What is the remainder when 57193 is divided by 1300?
1293
Calculate the remainder when 31193 is divided by 367.
365
Calculate the remainder when 78987 is divided by 153.
39
What is the remainder when 78233 is divided by 96?
89
Calculate the remainder when 15608 is divided by 274.
264
What is the remainder when 292691 is divided by 13?
9
What is the remainder when 12874 is divided by 222?
220
What is the remainder when 29824 is divided by 190?
184
Calculate the remainder when 2716 is divided by 344.
308
Calculate the remainder when 23984 is divided by 312.
272
What is the remainder when 755422 is divided by 1098?
1096
Calculate the remainder when 4236 is divided by 322.
50
What is the remainder when 9772 is divided by 9?
7
What is the remainder when 3881 is divided by 952?
73
What is the remainder when 193948 is divided by 431?
429
Calculate the remainder when 64766 is divided by 354.
338
What is the remainder when 86210 is divided by 94?
12
Calculate the remainder when 193111 is divided by 308.
303
What is the remainder when 23871 is divided by 251?
26
Calculate the remainder when 707 is divided by 324.
59
Calculate the remainder when 147038 is divided by 27.
23
Calculate the remainder when 27248 is divided by 124.
92
What is the remainder when 2747 is divided by 1354?
39
What is the remainder when 3082 is divided by 10?
2
Calculate the remainder when 9256 is divided by 831.
115
What is the remainder when 13211 is divided by 1864?
163
Calculate the remainder when 595 is divided by 164.
103
Calculate the remainder when 162749 is divided by 465.
464
Calculate the remainder when 6784 is divided by 66.
52
Calculate the remainder when 4303842 is divided by 647.
645
What is the remainder when 5908 is divided by 459?
400
Calculate the remainder when 3241 is divided by 155.
141
What is the remainder when 18377 is divided by 2621?
30
What is the remainder when 3002 is divided by 2930?
72
Calculate the remainder when 559073 is divided by 11.
9
What is the remainder when 122539 is divided by 22?
21
Calculate the remainder when 24532 is divided by 206.
18
Calculate the remainder when 3522 is divided by 387.
39
Calculate the remainder when 16307 is divided by 7675.
957
What is the remainder when 2581 is divided by 679?
544
Calculate the remainder when 7946 is divided by 20.
6
What is the remainder when 729 is divided by 403?
326
Calculate the remainder when 3445 is divided by 56.
29
Calculate the remainder when 20433 is divided by 198.
39
What is the remainder when 27423 is divided by 27422?
1
Calculate the remainder when 309978 is divided by 107.
106
What is the remainder when 294565 is divided by 1091?
1086
What is the remainder when 100723 is divided by 5595?
13
Calculate the remainder when 8575 is divided by 2142.
7
Calculate the remainder when 36419 is divided by 12008.
395
What is the remainder when 82733 is divided by 5909?
7
What is the remainder when 24093 is divided by 502?
499
What is the remainder when 26766 is divided by 5?
1
Calculate the remainder when 4675 is divided by 234.
229
What is the remainder when 9353 is divided by 1323?
92
Calculate the remainder when 14441 is divided by 802.
5
Calculate the remainder when 33610 is divided by 175.
10
What is the remainder when 1160 is divided by 574?
12
Calculate the remainder when 6262 is divided by 6262.
0
What is the remainder when 45310 is divided by 285?
280
Calculate the remainder when 35475 is divided by 99.
33
What is the remainder when 31365 is divided by 6?
3
What is the remainder when 45965 is divided by 12?
5
Calculate the remainder when 22094 is divided by 135.
89
What is the remainder when 11725 is divided by 2929?
9
Calculate the remainder when 51345 is divided by 131.
124
Calculate the remainder when 228738 is divided by 1059.
1053
What is the remainder when 12483 is divided by 655?
38
Calculate the remainder when 7928 is divided by 2594.
146
What is the remainder when 1501 is divided by 1429?
72
What is the remainder when 124840 is divided by 71?
22
What is the remainder when 44840 is divided by 747?
20
Calculate the remainder when 55872 is divided by 285.
12
What is the remainder when 3011 is divided by 116?
111
Calculate the remainder when 10767 is divided by 112.
15
What is the remainder when 225894 is divided by 12?
6
Calculate the remainder when 8308 is divided by 1182.
34
Calculate the remainder when 1393 is divided by 958.
435
Calculate the remainder when 4285 is divided by 53.
45
Calculate the remainder when 175144 is divided by 12.
4
Calculate the remainder when 27757 is divided by 1630.
47
Calculate the remainder when 1779 is divided by 820.
139
What is the remainder when 70713 is divided by 85?
78
What is the remainder when 3180 is divided by 397?
4
What is the remainder when 286 is divided by 77?
55
What is the remainder when 5894 is divided by 420?
14
What is the remainder when 350928 is divided by 241?
32
What is the remainder when 287027 is divided by 17?
16
Calculate the remainder when 242660 is divided by 425.
410
Calculate the remainder when 3712 is divided by 1178.
178
What is the remainder when 8465 is divided by 43?
37
Calculate the remainder when 314368 is divided by 125.
118
Calculate the remainder when 81056 is divided by 13484.
152
Calculate the remainder when 67572 is divided by 68.
48
What is the remainder when 370061 is divided by 293?
2
What is the remainder when 17296 is divided by 1729?
6
Calculate the remainder when 2057 is divided by 11.
0
Calculate the remainder when 1135368 is divided by 1213.
0
Calculate the remainder when 1492 is divided by 632.
228
Calculate the remainder when 31371 is divided by 10400.
171
Calculate the remainder when 268 is divided by 231.
37
What is the remainder when 179813 is divided by 1303?
1302
Calculate the remainder when 26087 is divided by 66.
17
Calculate the remainder when 10248 is divided by 1445.
133
Calculate the remainder when 1791 is divided by 835.
121
Calculate the remainder when 209726 is divided by 1070.
6
Calculate the remainder when 171248 is divided by 12.
8
What is the remainder when 195306 is divided by 5580?
6
Calculate the remainder when 14531 is divided by 956.
191
Calculate the remainder when 548 is divided by 61.
60
What is the remainder when 55853 is divided by 503?
20
What is the remainder when 7685 is divided by 120?
5
What is the remainder when 11580 is divided by 10?
0
Calculate the remainder when 3728 is divided by 1240.
8
Calculate the remainder when 4454 is divided by 630.
44
What is the remainder when 12304 is divided by 228?
220
What is the remainder when 10075 is divided by 325?
0
What is the remainder when 193816 is divided by 64601?
13
What is the remainder when 16486 is divided by 16463?
23
Calculate the remainder when 111 is divided by 30.
21
Calculate the remainder when 15167 is divided by 1597.
794
Calculate the remainder when 70 is divided by 22.
4
Calculate the remainder when 1318 is divided by 283.
186
What is the remainder when 14088 is divided by 9?
3
What is the remainder when 26052 is divided by 367?
362
Calculate the remainder when 99835 is divided by 24955.
15
Calculate the remainder when 20613 is divided by 35.
33
What is the remainder when 35890 is divided by 162?
88
What is the remainder when 351414 is divided by 124?
122
What is the remainder when 1923 is divided by 6?
3
What is the remainder when 4778 is divided by 85?
18
What is the remainder when 